.
7, 37
Let i be (-28)/35 + (-120)/(-25) + 7376. Suppose 30*q + i = 35*q. What are the prime factors of q?
2, 3, 41
Suppose u = 0, 4*r - 3*u - 5 - 7 = 0. Suppose 0 = 2*h + x - 3943, 0 = -2*h + r*h + 4*x - 1982. What are the prime factors of h?
2, 5, 197
Let q(s) = 1621*s**2 + 140*s - 38. What are the prime factors of q(4)?
2, 13229
Suppose -j - 4*z + 308 = 0, 5*j + 3*z - 1242 = 230. Suppose -j + 977 = 5*m. Suppose 4*i - 532 = -4*n, 3*n = -3*i + 4*i - m. What are the prime factors of i?
2, 67
Let w be (-1)/(-2) + 715/26. Suppose 3*i - w + 13 = 0. Let u(t) = t**3 + 2*t**2 + 3*t - 6. What are the prime factors of u(i)?
2, 23
Let t be 24/(-48) - (-193)/(-2). Let m = 307 - t. What are the prime factors of m?
2, 101
Let c be 6*((-130)/(-3))/5. Suppose c*x - 31*x - 17787 = 0. List the prime factors of x.
7, 11
Let u = 239 - 235. What are the prime factors of 369 - (3 - 4) - 16/u?
2, 3, 61
Suppose -13*k + 139 = 22. List the prime factors of -2601*((-1)/k + (-24)/108).
3, 17
Let f(a) = -a**3 - 13*a**2 + 13*a - 8. Let s be f(-14). Let m(j) = -12*j + s - 7*j + 8*j + 4*j**2 - 5*j**2. What are the prime factors of m(-6)?
2, 3
Let x = 111984 - 65653. What are the prime factors of x?
107, 433
Let i be -14 - (4 - 2/(-8)*-4*-3). Let u(r) = 7*r**2 - 2*r + 4. Let t be u(4). List the prime factors of (-2 + i/(-6))*t.
2, 3
Let q = 366 + -238. List the prime factors of -4*(-8)/q + (-6134)/(-8).
13, 59
Let a = -15036 + 25311. What are the prime factors of a?
3, 5, 137
Suppose 4*q - f = 16, -5*q - f = -3*f - 17. Suppose 0 = q*y + 20, b + 2*b - 5*y = 68. Let s = 3 + b. What are the prime factors of s?
19
Suppose g + 177541 = 4*p, 19*g - 133196 = -3*p + 14*g. List the prime factors of p.
7, 17, 373
Let l(q) = 10*q**3 + 13*q**2 - 9*q - 4. Let g(m) = -2*m**3 + 2*m. Let s(h) = 6*g(h) + l(h). Let u be 8 + (-2 - -4)*-1. List the prime factors of s(u).
2, 5
Suppose -14*v + 18818 + 20816 = -0*v. List the prime factors of v.
19, 149
Let d = -776 - -36884. List the prime factors of d.
2, 3, 17, 59
Let h(t) = 1022*t**2 - t - 1. What are the prime factors of h(5)?
2, 31, 103
Suppose 11*f - 6*f - 80486 = -3*k, 2*f = 4*k - 107306. List the prime factors of k.
139, 193
Let l(p) = -697*p - 2060. What are the prime factors of l(-52)?
2, 4273
Let i(h) be the third derivative of 0 + 7/3*h**3 + 7/24*h**4 + 0*h - h**2. List the prime factors of i(8).
2, 5, 7
Suppose -2*h - 3*y + 38658 = 10118, -4*y - 28582 = -2*h. What are the prime factors of h?
109, 131
Let x be 35*((-3 - -2) + 1 + -4). Let t be ((-378)/49)/((9/x)/3). Suppose t = -4*a + 12*a. What are the prime factors of a?
3, 5
Suppose -8*q = -3*q - 2*w - 33, -5*q + 45 = -5*w. Suppose 5*y + q*y = 7570. What are the prime factors of y?
757
Let f = -1051 + 384. Let m = -420 - f. List the prime factors of m.
13, 19
Suppose 13130 = 5*u - 5*a, 5712 = 4*u - 2*a - 4786. List the prime factors of u.
43, 61
Let b be ((-2)/(-2))/((-6)/(-18)). Suppose 2*m + m = -4*q + 17, -5*q = -b*m - 1. What are the prime factors of 3*(q + (-138)/(-9))?
2, 13
Suppose -13*o = -3*o - 30. Suppose -7*z + 1664 = -o*z. Suppose 0 = 3*k + 5*t - z, -4*k + 4*t = -7*k + 412. What are the prime factors of k?
2, 3, 11
Suppose 0 = -3*n - 2*d - 352, 5*n - 3*d + 612 = -0*d. Let j be (1*4/10)/((-24)/n). Suppose j*i - 37 = 47. List the prime factors of i.
2, 3, 7
Suppose 6*r - 10 = -3*j + 8*r, 0 = 5*j - 2*r - 10. Suppose j = 6*n - 93 - 543. Let a = 146 - n. List the prime factors of a.
2, 5
Let z(q) = -6*q**3 + 2*q**2 - 3*q - 6. Let s = 21 + -30. Let p(w) = -25*w**3 + 7*w**2 - 11*w - 25. Let k(r) = s*z(r) + 2*p(r). List the prime factors of k(4).
2, 3
Let s(l) = 15*l + 37. Let g be s(4). Suppose -g - 447 = -8*f. What are the prime factors of f?
2, 17
Suppose 0 = -5*b + 3 + 7. Suppose -b*j + 148 = -134. Suppose -4*s = 5*t - 465, 4*s - j = -2*t + 33. List the prime factors of t.
97
Let r = 56150 + -9402. What are the prime factors of r?
2, 13, 29, 31
Let f = -23 - -20. Let h be (-123)/f - (-1 + -2). Suppose -2*z + 63 = 3*d, -2*d - h = -z + 5. What are the prime factors of z?
3, 13
What are the prime factors of ((-21)/4)/(54/(-48))*5271?
2, 7, 251
Let l(b) = 71*b**2 + 39*b + 16*b**2 + 172 - 52*b**2. What are the prime factors of l(-5)?
2, 3, 71
Let r(c) = -6*c + 56. Let p be r(8). Let b(m) = 99*m + 108. List the prime factors of b(p).
2, 3, 5
Suppose 23 = 9*f + 5. Suppose n - 325 = -4*c, -n = -f*c + 3*c - 85. What are the prime factors of c?
2, 5
Let t = -2 + 4. Suppose 4*s - s - 2*p = 37, 0 = -s + t*p + 19. Let r(j) = j**3 - 9*j**2 + 16*j + 5. List the prime factors of r(s).
149
What are the prime factors of 184/(-9)*(-27)/18*3213/18?
2, 7, 17, 23
Let k(z) = -83*z - 123. Let y be k(11). What are the prime factors of -9 + 3 + 5 - y?
3, 5, 23
Let s = 15346 - 4298. List the prime factors of s.
2, 1381
Let x(h) = h**2 + 21*h + 6386. List the prime factors of x(0).
2, 31, 103
Suppose 0 = -22*h + 19*h + 2*g + 8715, h - 2905 = -g. List the prime factors of h.
5, 7, 83
Let a be 0/((-16)/(-4)) + -1. Let x be (-23 - a)/((-4)/2). Let o = 41 - x. What are the prime factors of o?
2, 3, 5
Suppose -4*x + q = -3 - 12, -3*x = q - 20. Suppose 16*f - 3674 = x*f. List the prime factors of f.
2, 167
Let b(u) = u**3 - 11*u**2 - u + 20. Let s be b(11). Let c(w) = 5 - 47*w + 3 - s. What are the prime factors of c(-1)?
2, 23
Let z be 1*30*(-8)/(-6). Suppose b + 5*s + z = -2*b, b - s + 16 = 0. List the prime factors of 790/b*(-1 + (-2)/1).
2, 79
Let u = -5 - 30. Let g be 5/u - (-71)/7. Let d(z) = z**3 - 8*z**2 - 7*z - 6. List the prime factors of d(g).
2, 31
Let v(b) = -448*b**3 - 11*b**2 - 9*b + 31. List the prime factors of v(-2).
37, 97
Suppose -130*j - 534*j + 8483190 = -11262178. What are the prime factors of j?
131, 227
Let t(b) = b**3 + b**2 - b - 1. Let p(r) = 7*r**3 - 6*r**2 - 3*r. Let h(y) = -p(y) + 3*t(y). What are the prime factors of h(-5)?
2, 19
Let v be (-25 - -16) + 1 + 11. Let p(t) = 8*t + 5. Let o(n) = -n - 1. Let k(i) = 3*o(i) + p(i). What are the prime factors of k(v)?
17
Suppose 591525 = -r + 56*r. What are the prime factors of r?
3, 5, 239
Let i = 4059 - 3447. List the prime factors of i.
2, 3, 17
Let c(n) = -235*n + 128. List the prime factors of c(-12).
2, 11, 67
Let t(s) = s + 1. Let x(i) = -i**2 + 4. Let g(o) = -5*t(o) + x(o). Let b be g(-5). What are the prime factors of b + -3 + 3 + 90?
89
Let c = -4 - -10. Let a be 228/(-14) - c/(-21). List the prime factors of (-2 + 270)*(-2 - 36/a).
67
Let d be 15*(4 + (-23)/5). Let g(y) = -3*y - 23. Let h be g(d). Let u = h - -59. List the prime factors of u.
3, 7
Suppose -z + 4*u = -19, 0 = 3*z + 2*u - u - 5. Let f(i) be the first derivative of 3*i**4/2 - i + 4. What are the prime factors of f(z)?
7, 23
Let i = 5867 - 2291. What are the prime factors of i?
2, 3, 149
Let v(k) = k + 17. Let m be v(-15). List the prime factors of ((-30)/45)/(m*3/(-10314)).
2, 3, 191
Suppose -2*d + 7*d - 8902 = 2*j, 6 = -j. List the prime factors of d.
2, 7, 127
Let g = 3397 + -2056. List the prime factors of g.
3, 149
Let c(x) = 4*x**3 - 2*x**2 - 109*x + 42. What are the prime factors of c(15)?
3, 19, 67
Let n = 8328 + -7638. List the prime factors of n.
2, 3, 5, 23
Suppose -2671 - 2220 + 33727 = 6*g. List the prime factors of g.
2, 3, 89
Let q(m) be the first derivative of 2*m**2 - 10*m - 14. Let w be q(3). List the prime factors of w/8*1488/12.
31
Let h = 516 + -513. List the prime factors of (192/18 - 7)/(h/279).
11, 31
Let s be (-70)/(-245) + (-20606)/(-7). Suppose -s + 601 = -11*k. List the prime factors of k.
3, 71
Let q be ((-1)/(-3)*1)/(64/(-136896)). Let g = q + 1313. List the prime factors of g.
2, 3, 5
Let j(a) = a - 6. Let o be j(12). Let c be 3/9 - (-406)/o. Let v = 42 + c. What are the prime factors of v?
2, 5, 11
Suppose 10*h - 302 - 498 = 0. Suppose -6*l = -l - h. Suppose 0*o + 8 = -o + 3*m, -4*m + l = 0. List the prime factors of o.
2
Let n(g) = g**3 - 43*g**2 - 114*g - 12. Let b be n(49). Suppose b = 5*s + 3*s. What are the prime factors of s?
3, 367
Let x(c) = -22 - 2 + 100*c**2 - c + c**3 - 103*c**2. What are the prime factors of x(9)?
3, 151
Let u = 17527 + -12054. List the prime factors of u.
13, 421
Let y(v) = -v**3 - 9*v**2 + 7*v + 73. Let c be y(-9). What are the prime factors of 514 - (c - 2)*(-3)/(-6)?
2, 3, 5, 17
Let g = -3466